s the units digit of f?
9
Suppose 3 + 3 = 3*i. Suppose 3*n + i*n = -2*k + 55, k + 2*n - 25 = 0. What is the tens digit of k?
1
Suppose -15*r + 3582 = -1038. What is the units digit of r?
8
Let g be (72 + 2)*(1 + 0). Suppose -3*x + 3*k = 2*x - g, 0 = 2*x + 5*k - 11. What is the units digit of x?
3
Suppose 0 = 32*t - 31*t - 35. What is the tens digit of t?
3
Suppose -5*c - 70 = -5*b, -2*b - 3*b - 3*c + 86 = 0. What is the units digit of b?
6
Suppose -3*d = 4*u - 608, 0*u + 152 = u - 5*d. What is the hundreds digit of u?
1
Let x(b) = -b**2 + 12*b - 3. Let i = 12 - 2. What is the tens digit of x(i)?
1
Let h(q) = 3*q**3 - q. Let d be h(-1). Let k = 4 + d. Let c(n) = -n**2 + 3*n + 2. What is the units digit of c(k)?
4
Let c(s) = -s**2 - s - 4. Let x be c(-3). Let f = 18 + x. Suppose 0 = -k - 0 + f. What is the units digit of k?
8
Let z = 8 + -7. Suppose 5*v - 16 = -z. What is the units digit of v?
3
Suppose -8*l + 140 = -6*l. What is the units digit of l?
0
Let l(g) = -8*g - 7. What is the tens digit of l(-22)?
6
Let p = 5 - -4. Let b = p + 2. What is the units digit of b?
1
Let d(u) = u**2 + 3*u - 4. Let r be d(-5). Suppose -2*o - r = -42. Let b = o - 10. What is the units digit of b?
8
What is the units digit of 9/(-24) + 371/8?
6
Let u = 14 + 5. Suppose 14 = -5*x - 41. Let h = u + x. What is the units digit of h?
8
What is the tens digit of (6*-1 - -3) + 59?
5
Let b be 25/10 + (-2)/4. Suppose j + 34 = 5*j - n, b*j = 4*n + 10. What is the units digit of j?
9
What is the tens digit of ((-16)/(-12))/(2/69)?
4
Let r(f) = -2*f**3 - f**2 - 2*f - 1. Let w = -6 + 5. What is the units digit of r(w)?
2
Let p(z) = z**2 - 2*z - 4. What is the units digit of p(-4)?
0
Suppose 109 + 1 = -5*w. Let o = -12 - w. What is the tens digit of o?
1
What is the tens digit of (-5)/(-20) - 478/(-8)?
6
Let i = 33 + -5. Let r = i - 3. Suppose 0 = -3*h - 3*o + 24, -3*h - o + r - 9 = 0. What is the units digit of h?
4
Let p be (-2)/4*48/6. Let i = p - -9. Suppose -2*z - 5*n = -12, 2*n - 62 = -i*z - 11. What is the units digit of z?
1
Let q = -1 - -5. What is the units digit of 7 - q - -1*2?
5
What is the tens digit of ((-43)/1 + 2)*-1?
4
Suppose -2*c + 0*x = 4*x - 22, 0 = 5*x - 10. Suppose -3*t + 15 = 2*t. Suppose -t*l = -c*l + 32. What is the units digit of l?
8
Suppose -3*q + 59 = j, 0 = 4*j + q - 6*q - 185. Suppose 2*y - 5*t = j, 5*y - 4*t + 3*t = 125. What is the tens digit of y?
2
Suppose 4*s - 3*d + 0*d - 21 = 0, 4*d + 7 = 3*s. What is the units digit of s?
9
Let d be 1 + 8 + (-2 - 0). Let o = d - -3. What is the units digit of o?
0
Let n(p) = -10*p + 1. What is the units digit of n(-5)?
1
Suppose 0*y = -5*y + 115. What is the tens digit of y?
2
Suppose 2*q + 2*w = 232, 2*w + 232 = 2*q - w. What is the units digit of q?
6
Suppose -1998 = -5*d + b, 796 = -d + 3*d - 2*b. What is the hundreds digit of d?
4
Suppose 3*y = 8*y - 135. What is the tens digit of y?
2
Suppose 3*o + 3 = -0. What is the tens digit of o/(2 + (-75)/36)?
1
Suppose 5*p - 78 = -4*d, -91 = -5*d - p - 2*p. What is the units digit of d?
7
Let w = -13 - -22. Let a(z) be the first derivative of z**3/3 - 4*z**2 - 7*z - 2. What is the units digit of a(w)?
2
Suppose -y = -0 - 4. Suppose 8*t = y*t + 8. What is the units digit of t?
2
Suppose -14*h - 40 = -18*h. What is the units digit of h?
0
What is the tens digit of (-14)/(-70) + 98/10?
1
Suppose -4*i + 0*i + 5*y = -37, 2*y - 5 = -5*i. Let l(b) = 2 - 1 - b**i + 1 - 7*b**2 - 6*b. What is the units digit of l(-6)?
2
Let w(y) be the second derivative of -y**5/5 + y**4/4 - y**2/2 - 7*y. What is the units digit of w(-2)?
3
Let p = 432 + -140. What is the hundreds digit of p?
2
Suppose -5*z + 377 = -3*n, 398 = 5*z + 5*n + 13. What is the units digit of z?
6
Let u be 41 + 2 + 0 + 3. Let h = 69 - u. What is the tens digit of h?
2
Suppose -10*r + 5*r + 235 = 0. What is the units digit of r?
7
Let s = 5 + -6. What is the units digit of ((-1)/s + 0)*36?
6
Suppose -h + 10 = h. Let r(w) = -w + 9. Let c be r(4). Suppose -h*f + 4*k + 7 + 13 = 0, f = -c*k + 4. What is the units digit of f?
4
Let x(g) = g + 3. Let u be x(5). Let s(j) = j**3 - 7*j**2 - 4*j - 11. What is the tens digit of s(u)?
2
Let j(a) = -4*a**3 + 2*a + 1. Let t be j(-1). Let g = 0 + t. Suppose 0 = h + 3*r + g, 2 = h + 2*r + 1. What is the units digit of h?
9
Let r be 26/4 - (-3)/2. Let p(n) = 0*n + r + 0*n + n. What is the units digit of p(-7)?
1
Let r = -9 + 13. Suppose 3*c - s - 5 = 0, 4*s = -2*c - c + 10. Suppose -5*f + 4 = -c*x, x - 4*x + 17 = r*f. What is the units digit of x?
3
Suppose t = 37 - 2. What is the units digit of t?
5
Let n = -110 - -164. What is the tens digit of n?
5
Let i = -10 - -17. What is the units digit of i?
7
Suppose 0*p - 5*p = -10. Let z = 1 + 0. Let u = p - z. What is the units digit of u?
1
Suppose 6*p - 3*p = 720. What is the units digit of p?
0
Suppose -d = 4*h - 97, -4 = h - 5*d - 2. What is the units digit of h?
3
Let x = -129 + 295. What is the units digit of x?
6
Let y be 3/(1*(2 + -1)). Suppose -5*v = -y - 22. What is the units digit of v?
5
Let r be 47/3 - (-5)/15. Suppose -r - 76 = -4*z. What is the units digit of z?
3
Let r be -1*(-14*1)/(-1). Let m be (-7)/(r/12) + 0. Let j(s) = -s**3 + 7*s**2 - 5*s - 2. What is the units digit of j(m)?
4
Suppose 0 = 2*t - 5*t + 24. Suppose -b - t = -3*b. Let g = b - 2. What is the units digit of g?
2
Let u(p) = -p**3 - p**2 + 1. Let d be u(-2). Suppose 3*x = d*g + 9, -g - 6 = -2*x - 3*g. Suppose 12 = x*i + i. What is the units digit of i?
3
Suppose 3*r - 7 = -4*w, r + 0 - 5 = -4*w. Let a = 4 + w. Let q = 7 - a. What is the units digit of q?
2
Let t(v) = -2*v + 10. Let x be t(-10). Suppose -4*o + 2*c = -x, o + 0*o = -2*c. What is the units digit of (9/(-6))/(o/(-80))?
0
Let x(b) be the third derivative of b**6/120 + b**5/10 + b**4/12 - 4*b**3/3 + 2*b**2. Let w be x(-6). Let z = -14 - w. What is the units digit of z?
6
Let o(u) = 4*u + 3*u + u**2 + 0 - u + 4. Suppose 2*g - 6 = -20. What is the tens digit of o(g)?
1
Let y = 6 - 1. Suppose 0 = 5*a + 5*t - 40, -2*a + y*t - 8 = -31. What is the units digit of a?
9
What is the tens digit of 9/(-3)*4/(-6) - -179?
8
Let v(d) = 4*d**2 + 4*d + 40. What is the units digit of v(8)?
8
Suppose 5*a = 5*d + 5, -3*a + 15 = 4*d - d. Let c(s) = s**3 + s**2 - 5*s + 3. Let n be c(a). Suppose 0 = -4*q - 0*q + n. What is the units digit of q?
6
Let c(i) = 74*i**2 - 12*i + 27. What is the hundreds digit of c(2)?
2
Suppose -i = -6 - 10. Let q be -3*(i/(-6) - -1). Suppose 1 = -2*u + q. What is the units digit of u?
2
Suppose l + 4*l - 135 = -5*u, 2*u = -l + 32. What is the units digit of l?
2
Let m(t) = 9*t**3 + 1. Let z be m(1). Suppose -5*v - l - 2*l + 37 = 0, -v + z = -2*l. What is the units digit of v?
8
Let u be 200/(-4)*9/(-6). Suppose -2*p + 5*o = 3*p - u, 5*o - 15 = 0. What is the units digit of p?
8
Suppose 3*q = f - 15, 5*f + 2*q - 5 = 3*q. Suppose 5*l - 35 - 40 = f. What is the tens digit of l?
1
Suppose -a + 5*b = -5*a + 10, 2*b + 24 = 4*a. Suppose -u = d - 19, 2*d = -3*d + a*u + 145. What is the units digit of d?
4
Let x = 122 + 72. What is the tens digit of x?
9
Let j = 29 - 16. Let t = j + -1. What is the tens digit of t?
1
Suppose 2*b + 2 = -0. Let m = b - 5. What is the units digit of (-3)/9 + (-20)/m?
3
Let s = 56 + -23. What is the tens digit of s?
3
Let q be (1 - 37)*(-2)/(-3). Let a be q/(-14) - 4/(-14). Suppose 5*k + 2*g = -3*g + 5, -3*k - a*g = -4. What is the units digit of k?
2
Let k = -319 - -521. What is the tens digit of k?
0
Let p = 11 + -3. Suppose -2*s + 5*a + 11 + p = 0, -3*s + 4*a + 25 = 0. Suppose 2 + s = 3*v. What is the units digit of v?
3
Let c(h) be the first derivative of -h**4/4 + 5*h**3/3 - 2*h**2 + 6*h + 1. What is the units digit of c(4)?
6
Let u(h) be the second derivative of h**5/20 - h**4/12 + h**3/6 + 5*h**2/2 + 3*h. What is the units digit of u(0)?
5
Suppose 5*i = -0*i + 1040. Suppose 96 = 4*m - i. What is the units digit of m/10 + 2/5?
8
Let m(l) = 4*l + 18. What is the tens digit of m(22)?
0
Suppose 4*b = -0*b + 176. Suppose 3*r - 2*s = b, 5*r + 5*s + 26 - 116 = 0. What is the tens digit of r?
1
Suppose 0 = 3*s + 5*x + 13, 0*x = -4*x - 8. Let l = s - -2. What is the units digit of l?
1
What is the units digit of (110/(-30))/(1/(-3))?
1
Suppose -6 = -0*d - 